remainder when 22990 is divided by 16?
14
Calculate the remainder when 121 is divided by 121.
0
Calculate the remainder when 107 is divided by 31.
14
What is the remainder when 458 is divided by 14?
10
What is the remainder when 4461 is divided by 97?
96
What is the remainder when 5499 is divided by 25?
24
What is the remainder when 179 is divided by 23?
18
Calculate the remainder when 1272 is divided by 21.
12
What is the remainder when 147 is divided by 9?
3
What is the remainder when 451 is divided by 88?
11
What is the remainder when 113 is divided by 5?
3
What is the remainder when 93 is divided by 5?
3
What is the remainder when 3274 is divided by 113?
110
Calculate the remainder when 934 is divided by 9.
7
Calculate the remainder when 12405 is divided by 22.
19
Calculate the remainder when 166 is divided by 9.
4
What is the remainder when 41 is divided by 6?
5
Calculate the remainder when 882 is divided by 244.
150
What is the remainder when 267 is divided by 34?
29
Calculate the remainder when 117 is divided by 27.
9
What is the remainder when 658 is divided by 108?
10
Calculate the remainder when 203 is divided by 69.
65
Calculate the remainder when 575 is divided by 32.
31
What is the remainder when 326 is divided by 21?
11
What is the remainder when 17 is divided by 13?
4
Calculate the remainder when 130 is divided by 114.
16
What is the remainder when 24 is divided by 6?
0
Calculate the remainder when 176 is divided by 61.
54
Calculate the remainder when 1355 is divided by 288.
203
What is the remainder when 277 is divided by 51?
22
What is the remainder when 204 is divided by 19?
14
What is the remainder when 2299 is divided by 36?
31
Calculate the remainder when 1315 is divided by 8.
3
Calculate the remainder when 250 is divided by 250.
0
Calculate the remainder when 81 is divided by 42.
39
Calculate the remainder when 593 is divided by 99.
98
What is the remainder when 469 is divided by 47?
46
What is the remainder when 22498 is divided by 25?
23
What is the remainder when 538 is divided by 145?
103
Calculate the remainder when 191 is divided by 62.
5
What is the remainder when 499 is divided by 388?
111
Calculate the remainder when 271 is divided by 16.
15
Calculate the remainder when 346 is divided by 173.
0
What is the remainder when 404 is divided by 88?
52
Calculate the remainder when 626 is divided by 269.
88
What is the remainder when 4758 is divided by 85?
83
What is the remainder when 716 is divided by 102?
2
Calculate the remainder when 151 is divided by 92.
59
Calculate the remainder when 957 is divided by 146.
81
Calculate the remainder when 89605 is divided by 251.
249
Calculate the remainder when 803 is divided by 135.
128
Calculate the remainder when 702 is divided by 11.
9
What is the remainder when 182 is divided by 54?
20
Calculate the remainder when 57 is divided by 46.
11
What is the remainder when 686 is divided by 339?
8
What is the remainder when 112 is divided by 54?
4
What is the remainder when 1423 is divided by 15?
13
What is the remainder when 362 is divided by 14?
12
What is the remainder when 83 is divided by 37?
9
What is the remainder when 1141 is divided by 83?
62
Calculate the remainder when 2202 is divided by 12.
6
What is the remainder when 105 is divided by 31?
12
Calculate the remainder when 624 is divided by 82.
50
Calculate the remainder when 4045 is divided by 119.
118
Calculate the remainder when 83 is divided by 19.
7
What is the remainder when 6775 is divided by 11?
10
Calculate the remainder when 1170 is divided by 69.
66
Calculate the remainder when 100 is divided by 43.
14
Calculate the remainder when 972 is divided by 37.
10
What is the remainder when 14034 is divided by 11?
9
Calculate the remainder when 250 is divided by 24.
10
What is the remainder when 115 is divided by 62?
53
Calculate the remainder when 1121 is divided by 125.
121
What is the remainder when 238 is divided by 15?
13
Calculate the remainder when 826 is divided by 46.
44
Calculate the remainder when 275 is divided by 19.
9
What is the remainder when 142 is divided by 37?
31
What is the remainder when 225 is divided by 38?
35
What is the remainder when 96 is divided by 25?
21
Calculate the remainder when 385 is divided by 60.
25
Calculate the remainder when 3310 is divided by 18.
16
What is the remainder when 3451 is divided by 129?
97
What is the remainder when 399 is divided by 162?
75
What is the remainder when 1886 is divided by 315?
311
What is the remainder when 1072 is divided by 178?
4
What is the remainder when 1520 is divided by 14?
8
What is the remainder when 790 is divided by 25?
15
Calculate the remainder when 261 is divided by 21.
9
Calculate the remainder when 950 is divided by 14.
12
Calculate the remainder when 63 is divided by 53.
10
Calculate the remainder when 688 is divided by 23.
21
Calculate the remainder when 44 is divided by 25.
19
Calculate the remainder when 2327 is divided by 6.
5
What is the remainder when 2364 is divided by 299?
271
Calculate the remainder when 405 is divided by 175.
55
Calculate the remainder when 686 is divided by 216.
38
What is the remainder when 12968 is divided by 23?
19
Calculate the remainder when 1233 is divided by 56.
1
Calculate the remainder when 673 is divided by 62.
53
Calculate the remainder when 80 is divided by 21.
17
What is the remainder when 1138 is divided by 80?
18
Calculate the remainder when 64 is divided by 33.
31
What is the remainder when 141 is divided by 15?
6
Calculate the remainder when 28 is divided by 26.
2
What is the remainder when 989 is divided by 112?
93
What is the remainder when 4186 is divided by 3?
1
Calculate the remainder when 204 is divided by 38.
14
Calculate the remainder when 512 is divided by 95.
37
Calculate the remainder when 51 is divided by 12.
3
Calculate the remainder when 212 is divided by 18.
14
What is the remainder when 10291 is divided by 73?
71
Calculate the remainder when 150 is divided by 69.
12
Calculate the remainder when 1118 is divided by 366.
20
Calculate the remainder when 159 is divided by 27.
24
Calculate the remainder when 1272 is divided by 30.
12
Calculate the remainder when 142 is divided by 128.
14
Calculate the remainder when 227 is divided by 18.
11
What is the remainder when 1401 is divided by 39?
36
What is the remainder when 148 is divided by 137?
11
What is the remainder when 573 is divided by 2?
1
What is the remainder when 44855 is divided by 22?
19
What is the remainder when 2794 is divided by 1391?
12
What is the remainder when 222 is divided by 14?
12
Calculate the remainder when 1099 is divided by 44.
43
What is the remainder when 497 is divided by 20?
17
Calculate the remainder when 80 is divided by 12.
8
What is the remainder when 143 is divided by 8?
7
Calculate the remainder when 7383 is divided by 104.
103
Calculate the remainder when 358 is divided by 34.
18
Calculate the remainder when 685 is divided by 61.
14
Calculate the remainder when 22860 is divided by 71.
69
Calculate the remainder when 33 is divided by 27.
6
What is the remainder when 239 is divided by 48?
47
Calculate the remainder when 125 is divided by 8.
5
What is the remainder when 456 is divided by 222?
12
Calculate the remainder when 2127 is divided by 30.
27
Calculate the remainder when 625 is divided by 25.
0
Calculate the remainder when 18898 is divided by 135.
133
What is the remainder when 923 is divided by 55?
43
What is the remainder when 35844 is divided by 67?
66
Calculate the remainder when 10207 is divided by 88.
87
What is the remainder when 77 is divided by 20?
17
Calculate the remainder when 32 is divided by 21.
11
What is the remainder when 7774 is divided by 77?
74
What is the remainder when 5970 is divided by 314?
4
What is the remainder when 267 is divided by 27?
24
What is the remainder when 8 is divided by 4?
0
What is the remainder when 1220 is divided by 136?
132
Calculate the remainder when 232 is divided by 33.
1
What is the remainder when 534 is divided by 480?
54
Calculate the remainder when 376 is divided by 54.
52
What is the remainder when 1063 is divided by 46?
5
Calculate the remainder when 324 is divided by 41.
37
What is the remainder when 464 is divided by 157?
150
What